to base 9.
10
What is -1 (base 7) in base 13?
-1
-3 (base 9) to base 11
-3
What is 2 (base 3) in base 5?
2
Convert -100001 (base 2) to base 9.
-36
-12 (base 6) to base 7
-11
What is -10 (base 3) in base 7?
-3
Convert -3 (base 7) to base 13.
-3
What is 202 (base 4) in base 10?
34
Convert 435 (base 8) to base 7.
555
10000 (base 2) to base 15
11
Convert 17 (base 9) to base 11.
15
Convert 11 (base 3) to base 12.
4
35 (base 12) to base 9
45
Convert -3 (base 15) to base 16.
-3
What is 1 (base 2) in base 15?
1
What is -4 (base 11) in base 8?
-4
What is 7 (base 9) in base 2?
111
What is -2 (base 16) in base 14?
-2
-2 (base 14) to base 11
-2
-254 (base 6) to base 8
-152
Convert 0 (base 13) to base 12.
0
What is 130 (base 5) in base 14?
2c
What is -19 (base 15) in base 7?
-33
Convert -64 (base 16) to base 15.
-6a
Convert -10011 (base 2) to base 7.
-25
What is -12 (base 3) in base 2?
-101
Convert 1011 (base 2) to base 8.
13
What is -46 (base 8) in base 6?
-102
What is -5 (base 15) in base 16?
-5
What is 3 (base 6) in base 11?
3
-27 (base 9) to base 4
-121
b (base 16) to base 11
10
62 (base 14) to base 13
68
12 (base 10) to base 6
20
100 (base 6) to base 4
210
8 (base 14) to base 9
8
-11 (base 2) to base 5
-3
Convert -20 (base 12) to base 3.
-220
35 (base 11) to base 8
46
23 (base 9) to base 13
18
-24 (base 5) to base 4
-32
What is 171 (base 10) in base 3?
20100
What is -226 (base 13) in base 8?
-562
What is -18 (base 15) in base 8?
-27
What is -23 (base 4) in base 5?
-21
What is -1101000 (base 2) in base 10?
-104
-2 (base 15) to base 5
-2
243 (base 6) to base 10
99
-111011 (base 2) to base 13
-47
Convert -40 (base 5) to base 12.
-18
0 (base 6) to base 2
0
Convert -136 (base 8) to base 4.
-1132
What is 3 (base 8) in base 2?
11
What is 21 (base 8) in base 5?
32
Convert -4 (base 11) to base 13.
-4
What is 0 (base 8) in base 14?
0
Convert 27 (base 10) to base 2.
11011
Convert 155 (base 6) to base 13.
56
75 (base 10) to base 7
135
14b (base 12) to base 8
313
2 (base 8) to base 3
2
-6a (base 13) to base 6
-224
Convert -6 (base 10) to base 13.
-6
Convert -2 (base 7) to base 2.
-10
What is 2 (base 6) in base 5?
2
What is -4 (base 9) in base 10?
-4
Convert -141 (base 8) to base 10.
-97
What is -1333 (base 6) in base 13?
-207
What is 1 (base 3) in base 9?
1
123 (base 8) to base 10
83
What is -32 (base 5) in base 2?
-10001
Convert -6 (base 15) to base 12.
-6
Convert 26 (base 8) to base 10.
22
Convert 141 (base 8) to base 5.
342
What is -2f (base 16) in base 15?
-32
What is -12 (base 6) in base 5?
-13
What is 6 (base 13) in base 15?
6
What is 5 (base 15) in base 14?
5
Convert 6 (base 10) to base 4.
12
What is 26 (base 14) in base 10?
34
Convert -1 (base 15) to base 6.
-1
-97 (base 14) to base 11
-111
100 (base 2) to base 15
4
29 (base 12) to base 14
25
What is -1011100 (base 2) in base 5?
-332
Convert -14 (base 15) to base 8.
-23
What is -11 (base 5) in base 8?
-6
-10 (base 5) to base 16
-5
What is 6 (base 13) in base 5?
11
Convert -124 (base 6) to base 11.
-48
Convert -2b (base 15) to base 11.
-38
2 (base 13) to base 10
2
-7 (base 8) to base 6
-11
What is 31 (base 11) in base 10?
34
1 (base 9) to base 12
1
What is -19 (base 10) in base 15?
-14
0 (base 13) to base 9
0
-d (base 15) to base 7
-16
What is c (base 13) in base 3?
110
11 (base 9) to base 11
a
What is -a7 (base 16) in base 15?
-b2
Convert -4d (base 15) to base 14.
-53
Convert 4c (base 15) to base 13.
57
What is -6 (base 11) in base 13?
-6
-5 (base 16) to base 6
-5
-4 (base 5) to base 8
-4
What is -2 (base 6) in base 12?
-2
Convert 2 (base 9) to base 14.
2
-2 (base 6) to base 10
-2
99 (base 16) to base 7
306
-5 (base 10) to base 13
-5
What is 0 (base 14) in base 16?
0
-423 (base 5) to base 13
-89
What is 8 (base 13) in base 2?
1000
-29 (base 15) to base 12
-33
Convert -1 (base 8) to base 6.
-1
What is -1 (base 6) in base 16?
-1
What is 0 (base 3) in base 12?
0
What is -111 (base 2) in base 3?
-21
1 (base 6) to base 11
1
-1b (base 14) to base 5
-100
What is 6 (base 15) in base 8?
6
What is 1 (base 6) in base 9?
1
-1 (base 8) to base 6
-1
What is -1 (base 3) in base 7?
-1
-201 (base 4) to base 14
-25
What is -9 (base 10) in base 4?
-21
10 (base 9) to base 14
9
Convert 88 (base 11) to base 7.
165
-b0 (base 13) to base 6
-355
Convert 33 (base 5) to base 3.
200
What is -41 (base 9) in base 15?
-27
What is -4 (base 10) in base 15?
-4
-65 (base 8) to base 9
-58
What is a (base 11) in base 6?
14
-16 (base 11) to base 15
-12
0 (base 15) to base 16
0
Convert 31 (base 10) to base 5.
111
-198 (base 13) to base 14
-170
Convert 30 (base 6) to base 10.
18
-3 (base 4) to base 11
-3
What is 1013 (base 4) in base 15?
4b
Convert 11 (base 6) to base 13.
7
-110100 (base 2) to base 9
-57
-21 (base 3) to base 10
-7
aa (base 15) to base 11
136
Convert -203 (base 4) to base 8.
-43
-2 (base 8) to base 16
-2
1 (base 8) to base 5
1
-18 (base 13) to base 4
-111
9 (base 13) to base 3
100
What is -11 (base 10) in base 13?
-b
Convert 50 (base 6) to base 3.
1010
-24 (base 7) to base 16
-12
Convert -100 (base 6) to base 13.
-2a
What is -5 (base 9) in base 16?
-5
What is 150 (base 9) in base 11?
105
Convert 30 (base 12) to base 7.
51
Convert 4 (base 15) to base 8.
4
-21 (base 4) to base 3
-100
Convert -51 (base 10) to base 15.
-36
What is -101001 (base 2) in base 6?
-105
Convert 2 (base 12) to base 3.
2
What is -3 (base 16) in base 15?
-3
Convert -100 (base 2) to base 13.
-4
Convert 16 (base 11) to base 10.
17
Convert b (base 16) to base 13.
b
What is 1 (base 5) in base 2?
1
1 (base 4) to base 3
1
What is -8 (base 12) in base 10?
-8
16 (base 10) to base 16
10
What is 101000 (base 2) in base 16?
28
Convert -3 (base 15) to base 14.
-3
Convert 1d (base 16) to base 9.
32
6 (base 14) to base 11
6
Convert 25 (base 12) to base 9.
32
-3 (base 9) to base 13
-3
23 (base 5) to base 4
31
What is 19 (base 11) in base 6?
32
Convert -1 (base 13) to base 16.
-1
What is -10 (base 14) in base 13?
-11
29 (base 11) to base 15
21
Convert 0 (base 2) to base 10.
0
Convert -20 (base 13) to base 12.
-22
-112 (base 5) to base 9
-35
What is c0 (base 15) in base 11?
154
What is -133 (base 4) in base 15?
-21
-11221 (base 3) to base 16
-85
What is 3 (base 13) in base 14?
3
21001 (base 3) to base 12
13a
Convert 12 (base 15) to base 4.
101
Convert 59 (base 11) to base 10.
64
-13 (base 12) to base 4
-33
23 (base 7) to base 4
101
b (base 15) to base 7
14
Convert a (base 13) to base 9.
11
What is -1 (base 14) in base 13?
-1
-7 (base 13) to base 14
-7
What is -2 (base 5) in base 2?
-10
What is -4 (base 11) in base 16?
-4
-43 (base 6) to base 16
-1b
111101 (base 2) to base 3
2021
Convert -302 (base 6) to base 3.
-11002
11 (base 11) to base 12
10
-58 (base 16) to base 8
-130
What is -89 (base 16) in base 15?
-92
Convert 451 (base 8) to base 11.
250
Convert 1012 (base 5) to base 12.
b0
What is 7 (base 16) in base 2?
111
What is -2a (base 14) in base 7?
-53
-11101 (base 3) to base 4
-1312
Convert 174 (base 9) to base 8.
224
Convert -35 (base 9) to base 13.
-26
-2b (base 16) to base 13
-34
What is -6 (base 14) in base 15?
-6
Convert 2 (base 8) to base 15.
2
What is 31 (base 13) in base 15?
2a
-263 (base 7) to base 9
-168
77 (base 10) to base 12
65
Convert -39 (base 12) to base 2.
-101101
What is 96 (base 13) in base 4?
1323
Convert 13 (base 15) to base 10.
18
1 (base 13) to base 12
1
Convert 7 (base 10) to base 2.
111
Convert 4 (base 10) to base 2.
100
Convert 4b (base 15) to base 5.
241
-15 (base 8) to base 13
-10
Convert 17 (base 16) to base 11.
21
-5 (base 7) to base 8
-5
What is 231 (base 4) in base 6?
113
Convert -d (base 14) to base 4.
-31
7 (base 9) to base 11
7
What is 18 (base 9) in base 4?
101
-44 (base 11) to base 2
-110000
8 (base 11) to base 9
8
Convert -3 (base 5) to base 7.
-3
-11 (base 3) to base 11
-4
What is 9 (base 12) in base 5?
14
What is 10 (base 13) in base 3?
111
-15 (base 14) to base 16
-13
Convert 12 (base 13) to base 6.
23
What is 100 (base 5) in base 8?
31
Convert 2 (base 6) to base 7.
2
-2 (base 16) to base 2
-10
What is -8 (base 16) in base 15?
-8
What is 3 (base 7) in base 5?
3
Convert 6 (base 13) to base 4.
12
1 (base 13) to base 15
1
Convert 2 (base 6) to base 5.
2
Convert 34 (base 5) to base 16.
13
What is 6 (base 10) in base 8?
6
-64 (base 13